mon divisor of z and o?
3
Let u = 232 + -157. Suppose 3*m - 60 = -m. What is the highest common factor of m and u?
15
Let b(i) = 3*i - 13. Let p be b(6). Suppose 0 = -a + p*a - 72. What is the highest common divisor of a and 144?
18
Suppose 14 = f - 3*f - 2*u, u + 15 = -3*f. Let k(b) = -2*b + 5. Let i be k(f). Calculate the highest common divisor of i and 91.
13
Suppose s - 4*h - 46 = -8, -4*s + 116 = -4*h. Calculate the highest common factor of 182 and s.
26
Suppose 0 = z - k - 25, 4*k = 2*z - 0*z - 56. Suppose z = -4*x + 6*x. Calculate the greatest common factor of x and 1.
1
Let o(m) = 0*m**3 + 2*m**2 - 2*m**3 - 5 + 3*m**3 - 2*m + 3*m**2. Let p be o(-5). Calculate the greatest common divisor of p and 30.
5
Suppose 44*n = 39*n + 100. What is the highest common divisor of 160 and n?
20
Suppose -2*z - 18 = -5*z. Suppose 0 = -4*w + 2 + z. Suppose -2*a + 160 = -a - w*p, 3*p - 761 = -5*a. Calculate the greatest common divisor of a and 14.
14
Let c(s) = 3*s + 1. Let r be c(1). Let h = -69 + 39. Let i be 110*(-4)/h*3. Calculate the greatest common factor of r and i.
4
Suppose 2*l - 3*l = -3. Let u(b) = 1 - b + 0 + 8 + b**2 + b**3. Let g be u(0). What is the highest common factor of l and g?
3
Suppose 10*n - 4*n - 102 = 0. What is the highest common divisor of n and 119?
17
Let f be ((-4)/6)/(14/(-21)). What is the greatest common divisor of 3 and f?
1
Let a be 12/(-3) - (1 - 17). Calculate the greatest common divisor of 12 and a.
12
Suppose 0 = 3*m + m - 20. Suppose q = l - q + 3, 3*l - 5*q + m = 0. Suppose 3*k = 12, 2*a - 47 = -l*k + 71. What is the highest common divisor of a and 7?
7
Let a = 99 + -63. Calculate the highest common factor of 18 and a.
18
Let o be (3 + -1 + -1)*2. Suppose 26 = i + s - 6*s, -4 = o*s. What is the greatest common factor of i and 160?
16
Let t(c) = -c**2 + 34*c - 55. Let a be t(23). What is the highest common factor of a and 18?
18
Let w be ((-6)/4 - -1)*-16. Let i = w + -2. Calculate the greatest common divisor of i and 3.
3
Let c(y) = 6*y - 19. Let w be c(9). What is the greatest common divisor of w and 280?
35
Suppose 2*k + 4*k = 648. What is the greatest common divisor of 18 and k?
18
Let j = 122 - 113. Let a be -2*(-1 + 0) - -3. Let k(d) = 2*d**2 + 6*d + 1. Let s be k(a). What is the highest common factor of s and j?
9
Let l = 297 + -178. What is the greatest common divisor of l and 17?
17
Suppose -44 = 5*p - 9. Let v be (-14)/p - (1 + 3). Let l be v + 3 - (-33)/1. What is the highest common divisor of l and 85?
17
Let o = -40 - -21. Let h(t) = 8*t + 3. Let s be h(3). Let n = s + o. Calculate the highest common factor of n and 2.
2
Let g be (-2)/(-5) + 2592/20. Suppose -2*y + g - 16 = 0. Calculate the greatest common divisor of 38 and y.
19
Let n be 41/(3/2 + -1). Let j = n + -54. Suppose 5*f - 27 - 43 = 0. What is the highest common divisor of f and j?
14
Suppose p = 5*b + 4*p + 22, -26 = 3*b + 5*p. Let o be (1/3 + b)*-21. Calculate the greatest common factor of 5 and o.
5
Let r = 93 - 48. Let k = -8 - -13. What is the greatest common divisor of k and r?
5
Suppose 4*p + 3*u + 2 = -p, 20 = 4*p - 3*u. Suppose -12 = -h - p*h. What is the greatest common divisor of h and 36?
4
Let q be (-1)/(1*(-1)/2). Suppose 0 = -w - 2*w + 3. Let g be 3/(-3) + w + 1. What is the greatest common factor of g and q?
1
Let x(c) = -7*c - 8. Let t be x(-3). Calculate the highest common divisor of t and 117.
13
Suppose -2*k = -65 + 19. Let y be k - -1 - (-1 - -1). Calculate the greatest common factor of 6 and y.
6
Let i(x) = -52*x - 6. Suppose 3*h + 2*u = -4 - 8, -5*u = -3*h + 9. Let f be i(h). Calculate the greatest common factor of 14 and f.
14
Let n = 6 + 9. What is the greatest common factor of n and 5?
5
Suppose -5*q - 129 = -4*v - 2*q, 2*v - 5*q - 75 = 0. What is the greatest common divisor of 75 and v?
15
Let h(j) = 112*j - 5. Let i be h(-4). Let l = i + 680. Let g = l + -131. What is the greatest common divisor of g and 12?
12
Let k be -6 + 8 - 304/(-2). Calculate the greatest common factor of k and 14.
14
Suppose 4*t - 2*t + 24 = 2*s, 4*s + 4*t = 80. Suppose 0 = -2*b + 6*b - s. Calculate the greatest common divisor of 28 and b.
4
Let r be (-10)/3*3/(-2). Suppose -5*o = -r*d + 145, -5*d + 188 - 13 = 5*o. What is the highest common factor of 8 and d?
8
Suppose c = 2 + 7. Suppose -2*s - 4*y = 16, -2*y - c = 3*s + y. Suppose 3*w - 11 = s*w. Calculate the highest common divisor of 121 and w.
11
Let t be 2*(-18)/(-8)*2. Let f = -6 + 42. What is the highest common divisor of f and t?
9
Let w(t) = -t**3 - 6*t**2 + 7*t. Let a be w(-7). Suppose -q = -30 - a. What is the highest common divisor of q and 15?
15
Suppose -4*m = -0*m - 24. What is the greatest common factor of m and 48?
6
Let p(y) = -5 + 1 + 5 + 5*y. Let o be p(5). What is the highest common divisor of o and 13?
13
Suppose -2*w + 26 = f, w - 31 = 3*f - 4*f. Calculate the greatest common factor of f and 4.
4
Suppose -o = 2*k - 36, -4*k - 4*o = -119 + 47. What is the greatest common factor of k and 198?
18
Suppose 4*f + 10 = -2, 4*o = 4*f + 212. Calculate the highest common factor of o and 125.
25
Suppose 0 = -2*r + r - 4*x + 138, -5*x - 482 = -3*r. Calculate the highest common factor of 14 and r.
14
Suppose -2*h - 22 = -2*o, 4*o + o = 3*h + 51. Let i be (111/6)/1 - 7/14. Calculate the greatest common factor of i and o.
9
Suppose 2*c = 3*j - 24, -3*c + 8 = j - 5*c. Calculate the highest common factor of 152 and j.
8
Let f = 33 - -12. Suppose -3*x = -l + 5, -7*l = -2*l - 25. Let d be 6 + (2 - x)/(-2). What is the highest common factor of f and d?
5
Let a(m) = -m - 20. Let o(x) = 2*x + 41. Let f(j) = -7*a(j) - 3*o(j). Let h be f(-9). What is the highest common factor of h and 64?
8
Let a = -3 - 1. Let i(b) = -b + 2. Let g be i(a). Calculate the greatest common divisor of 9 and g.
3
Let b = 8 - 6. Let u = b - -7. Suppose 4*p + 0*v = 4*v + 96, 3*v + u = 0. Calculate the highest common divisor of p and 42.
21
Suppose -3*b - 3*w = -738, -2*b - 3*w + 490 = w. Calculate the highest common divisor of b and 13.
13
Let r(k) = 28*k**2 + 6*k - 2. Let p be r(1). What is the highest common divisor of p and 48?
16
Suppose -2*y + 308 = 2*y. Let p(s) = 2 - 3*s - 2 + 2. Let b be p(-3). What is the highest common factor of b and y?
11
Let i(g) = -56*g + 3. Let v be ((-5)/5 - 3) + 2. Let r be i(v). Suppose -n - 3*l - 132 = -4*n, -5*n + 238 = 4*l. Calculate the highest common factor of n and r.
23
Suppose 5*y - y - 352 = 0. Let z be 3*(-1)/(-3)*0. Suppose -2*f + 9 + 13 = z. What is the highest common factor of f and y?
11
Let x be (3/(-6))/(3/(-90)). Suppose -d = m - x, -22 + 4 = -m - 4*d. What is the greatest common divisor of 56 and m?
14
Let b(o) = o**2 - o + 18. Let c be b(0). Suppose -5*y + c = -37. Let z be -1*(-2)/2*11. What is the greatest common divisor of z and y?
11
Suppose -3*r = -b + 195, 0 = -b - 3*r + 2*r + 175. Let p be ((-2)/(-3))/(8/b). What is the greatest common divisor of p and 3?
3
Let h = 52 - 37. What is the greatest common divisor of 5 and h?
5
Let o(r) = r**3 - r**2 - 16*r + 3. Let m be o(5). Calculate the highest common divisor of m and 184.
23
Let u = 0 - -5. Suppose 114 = 4*v + 3*s, -u*v + 4*s + 68 = -3*v. What is the highest common divisor of 10 and v?
10
Suppose s - 95 = -2*x + 2*s, -5*x = -5*s - 235. Calculate the greatest common divisor of 12 and x.
12
Suppose 273 = 5*d - 512. Suppose d = 3*g - 113. What is the greatest common factor of 10 and g?
10
Suppose 0 = -4*z - 5*k + 93, k - 83 = -4*z - 2*k. Let v = z - 9. What is the greatest common factor of v and 24?
8
Let k be (-348)/(-10)*(-10)/(-3). Suppose -k = -3*y - 8. Let m(c) = -c + 8. Let b be m(4). Calculate the greatest common divisor of y and b.
4
Let y be 7*2*11/7. What is the greatest common factor of y and 2?
2
Let c be (1 + 0 + -1)*1. Suppose 0 = 5*d - c*d - 355. Suppose -2*a + a - 69 = -m, a - d = -m. Calculate the greatest common divisor of 7 and m.
7
Suppose 7*w - 3*w - 96 = 0. Let o = 1 - 1. Suppose o = 5*y - 0*y - 15. What is the highest common factor of y and w?
3
Let y be (-6)/9*6/(-4) + 109. What is the greatest common factor of y and 10?
10
Let v = -8 + 44. Suppose t - v = -3*t. Calculate the highest common factor of t and 9.
9
Let g be (9 + -3 - (-2 - -5)) + 14. What is the greatest common factor